{"id":2,"date":"2023-09-25T19:08:59","date_gmt":"2023-09-25T19:08:59","guid":{"rendered":"https:\/\/aledeleonmoreno.com\/kosmos\/?page_id=2"},"modified":"2023-09-26T08:44:25","modified_gmt":"2023-09-26T08:44:25","slug":"sample-page","status":"publish","type":"page","link":"https:\/\/aledeleonmoreno.com\/kosmos\/index.php\/sample-page\/","title":{"rendered":"\u00bfQu\u00e9 es Kosmos?"},"content":{"rendered":"\n<p><strong>\u00a1Kosmos! Un blog de Alejandro de Le\u00f3n.<\/strong> Palabras griegas con significados curiosos que no tienen una traducci\u00f3n literal.\u00a0<\/p>\n\n\n\n<p>Despu\u00e9s de mis 40 aprendizajes con MICROWD y de las 100 ideas para mi pa\u00eds, tengo un nuevo proyecto personal: <strong>\u00a1Voy a hablar de palabras griegas con significados curiosos<\/strong> <strong>y que, a d\u00eda de hoy, no tienen traducci\u00f3n literal!<\/strong><\/p>\n\n\n\n<p><em>Disclaimer: yo no soy fil\u00f3logo, no soy experto en griego ni me voy a dedicar a esto profesionalmente. Solo quiero dedicarle algunas horas al mes, razonar acerca de lo que he le\u00eddo, y me ha interesado, y compartirlo con vosotros.\u00a0<\/em><\/p>\n\n\n\n<p>En la medida que pueda, de cada palabra os explicar\u00e9 c\u00f3mo la descubr\u00ed o de d\u00f3nde viene, <strong>tambi\u00e9n os ayudar\u00e9 a seguir el rastro.<\/strong><\/p>\n\n\n\n<p>Pasen y vean \ud83d\ude42<\/p>\n\n\n\n<p><\/p>\n","protected":false},"excerpt":{"rendered":"<p>\u00a1Kosmos! Un blog de Alejandro de Le\u00f3n. Palabras griegas con significados curiosos que no tienen una traducci\u00f3n literal.\u00a0 Despu\u00e9s de mis 40 aprendizajes con MICROWD y de las 100 ideas para mi pa\u00eds, tengo un nuevo proyecto personal: \u00a1Voy a hablar de palabras griegas con significados curiosos y que, a d\u00eda de hoy, no tienen&hellip;<\/p>\n","protected":false},"author":1,"featured_media":0,"parent":0,"menu_order":0,"comment_status":"closed","ping_status":"closed","template":"","meta":{"footnotes":""},"class_list":["post-2","page","type-page","status-publish","hentry"],"_links":{"self":[{"href":"https:\/\/aledeleonmoreno.com\/kosmos\/index.php\/wp-json\/wp\/v2\/pages\/2","targetHints":{"allow":["GET"]}}],"collection":[{"href":"https:\/\/aledeleonmoreno.com\/kosmos\/index.php\/wp-json\/wp\/v2\/pages"}],"about":[{"href":"https:\/\/aledeleonmoreno.com\/kosmos\/index.php\/wp-json\/wp\/v2\/types\/page"}],"author":[{"embeddable":true,"href":"https:\/\/aledeleonmoreno.com\/kosmos\/index.php\/wp-json\/wp\/v2\/users\/1"}],"replies":[{"embeddable":true,"href":"https:\/\/aledeleonmoreno.com\/kosmos\/index.php\/wp-json\/wp\/v2\/comments?post=2"}],"version-history":[{"count":3,"href":"https:\/\/aledeleonmoreno.com\/kosmos\/index.php\/wp-json\/wp\/v2\/pages\/2\/revisions"}],"predecessor-version":[{"id":41,"href":"https:\/\/aledeleonmoreno.com\/kosmos\/index.php\/wp-json\/wp\/v2\/pages\/2\/revisions\/41"}],"wp:attachment":[{"href":"https:\/\/aledeleonmoreno.com\/kosmos\/index.php\/wp-json\/wp\/v2\/media?parent=2"}],"curies":[{"name":"wp","href":"https:\/\/api.w.org\/{rel}","templated":true}]}}